{"id":9718,"date":"2019-08-25T00:19:55","date_gmt":"2019-08-25T03:19:55","guid":{"rendered":"https:\/\/oleestudio.com.br\/avisala\/?page_id=9718"},"modified":"2023-11-10T09:34:10","modified_gmt":"2023-11-10T12:34:10","slug":"case-local-1-formacao-0-a-3-mogi-mirim","status":"publish","type":"page","link":"https:\/\/avisala.org.br\/index.php\/parceiros\/case-local-1-formacao-0-a-3-mogi-mirim\/","title":{"rendered":"Case Local 1 &#8211; Forma\u00e7\u00e3o Continuada dos profissionais &#8211; Rede Municipal de Educa\u00e7\u00e3o Infantil de Mogi Mirim"},"content":{"rendered":"<p><a href=\"https:\/\/avisala.org.br\/wp-content\/uploads\/2019\/08\/FER2.jpg\"><img loading=\"lazy\" decoding=\"async\" class=\"size-full wp-image-9744 alignright\" src=\"https:\/\/avisala.org.br\/wp-content\/uploads\/2019\/08\/FER2.jpg\" alt=\"\" width=\"198\" height=\"148\"><\/a><a href=\"https:\/\/avisala.org.br\/wp-content\/uploads\/2019\/08\/FER1.jpg\"><img loading=\"lazy\" decoding=\"async\" class=\"size-full wp-image-9743 alignright\" src=\"https:\/\/avisala.org.br\/wp-content\/uploads\/2019\/08\/FER1.jpg\" alt=\"\" width=\"205\" height=\"154\"><\/a>Com o apoio da empresa local <strong>SOGEFI Suspension Brasil Ltda.<\/strong>, firmou-se uma parceria entre a Secretaria Municipal de Educa\u00e7\u00e3o de Mogi Mirim\/SP e o Instituto Avisa L\u00e1 para o desenvolvimento de uma forma\u00e7\u00e3o de profissionais que visava contribuir para a melhoria da qualidade da Educa\u00e7\u00e3o Infantil oferecida \u00e0s crian\u00e7as de 0 a 3 anos, pela Rede Municipal de Ensino.<\/p>\n<p>Encontros mensais de forma\u00e7\u00e3o com gestores, equipe pedag\u00f3gica e supervisores, entre abril e novembro de 2018, abordaram tem\u00e1ticas relativas a tempos e espa\u00e7os para cuidar e brincar, bem como, o conceito de experi\u00eancia e o movimento, as intera\u00e7\u00f5es e suas dimens\u00f5es, entre outros.<\/p>\n<p><a href=\"https:\/\/avisala.org.br\/wp-content\/uploads\/2019\/08\/FER3.jpg\"><img loading=\"lazy\" decoding=\"async\" class=\"size-full wp-image-9745 alignleft\" src=\"https:\/\/avisala.org.br\/wp-content\/uploads\/2019\/08\/FER3.jpg\" alt=\"\" width=\"155\" height=\"276\"><\/a><a href=\"https:\/\/avisala.org.br\/wp-content\/uploads\/2019\/08\/FER4.jpg\"><img loading=\"lazy\" decoding=\"async\" class=\"size-full wp-image-9742 alignleft\" src=\"https:\/\/avisala.org.br\/wp-content\/uploads\/2019\/08\/FER4.jpg\" alt=\"\" width=\"183\" height=\"274\"><\/a>Os resultados, apresentados no Semin\u00e1rio final, demonstraram o envolvimento das equipes e as mudan\u00e7as na pr\u00e1tica gestora e pedag\u00f3gica da rede municipal.<\/p>\n\n<div\n\t\t\t\n\t\t\tclass=\"so-widget-sow-post-carousel so-widget-sow-post-carousel-base-ad93eedad001\"\n\t\t\t\n\t\t><\/div>\n\n<div\n\t\t\t\n\t\t\tclass=\"so-widget-sow-post-carousel so-widget-sow-post-carousel-base-ad93eedad001\"\n\t\t\t\n\t\t><\/div>","protected":false},"excerpt":{"rendered":"<p>Com o apoio da empresa local SOGEFI Suspension Brasil Ltda., firmou-se uma parceria entre a Secretaria Municipal de Educa\u00e7\u00e3o de Mogi Mirim\/SP e o Instituto Avisa L\u00e1 para o desenvolvimento de uma forma\u00e7\u00e3o de profissionais que visava contribuir para a melhoria da qualidade da Educa\u00e7\u00e3o Infantil oferecida \u00e0s crian\u00e7as de 0 a 3 anos, pela [&hellip;]<\/p>\n","protected":false},"author":224,"featured_media":9743,"parent":1350,"menu_order":0,"comment_status":"closed","ping_status":"closed","template":"","meta":{"footnotes":""},"class_list":["post-9718","page","type-page","status-publish","has-post-thumbnail","hentry","post","post-with-thumbnail","post-with-thumbnail-large"],"_links":{"self":[{"href":"https:\/\/avisala.org.br\/index.php\/wp-json\/wp\/v2\/pages\/9718","targetHints":{"allow":["GET"]}}],"collection":[{"href":"https:\/\/avisala.org.br\/index.php\/wp-json\/wp\/v2\/pages"}],"about":[{"href":"https:\/\/avisala.org.br\/index.php\/wp-json\/wp\/v2\/types\/page"}],"author":[{"embeddable":true,"href":"https:\/\/avisala.org.br\/index.php\/wp-json\/wp\/v2\/users\/224"}],"replies":[{"embeddable":true,"href":"https:\/\/avisala.org.br\/index.php\/wp-json\/wp\/v2\/comments?post=9718"}],"version-history":[{"count":1,"href":"https:\/\/avisala.org.br\/index.php\/wp-json\/wp\/v2\/pages\/9718\/revisions"}],"predecessor-version":[{"id":16173,"href":"https:\/\/avisala.org.br\/index.php\/wp-json\/wp\/v2\/pages\/9718\/revisions\/16173"}],"up":[{"embeddable":true,"href":"https:\/\/avisala.org.br\/index.php\/wp-json\/wp\/v2\/pages\/1350"}],"wp:featuredmedia":[{"embeddable":true,"href":"https:\/\/avisala.org.br\/index.php\/wp-json\/wp\/v2\/media\/9743"}],"wp:attachment":[{"href":"https:\/\/avisala.org.br\/index.php\/wp-json\/wp\/v2\/media?parent=9718"}],"curies":[{"name":"wp","href":"https:\/\/api.w.org\/{rel}","templated":true}]}}