{"id":9715,"date":"2019-08-25T00:14:55","date_gmt":"2019-08-25T03:14:55","guid":{"rendered":"https:\/\/oleestudio.com.br\/avisala\/?page_id=9715"},"modified":"2023-11-10T09:33:36","modified_gmt":"2023-11-10T12:33:36","slug":"case-2-fer","status":"publish","type":"page","link":"https:\/\/avisala.org.br\/index.php\/parceiros\/case-2-fer\/","title":{"rendered":"Case 2 &#8211; Formar em Rede +"},"content":{"rendered":"<p><a href=\"https:\/\/avisala.org.br\/wp-content\/uploads\/2019\/08\/FER1-1.jpg\"><img loading=\"lazy\" decoding=\"async\" class=\"size-full wp-image-9751 alignright\" src=\"https:\/\/avisala.org.br\/wp-content\/uploads\/2019\/08\/FER1-1.jpg\" alt=\"\" width=\"220\" height=\"136\"><\/a>A a\u00e7\u00e3o teve in\u00edcio em 2015, a partir de uma parceria com o Instituto Sonho Grande, que resultou na cria\u00e7\u00e3o do Programa Formar em Rede+.<\/p>\n<p>A cria\u00e7\u00e3o de uma comunidade de profissionais da educa\u00e7\u00e3o p\u00fablica de v\u00e1rios munic\u00edpios e a realiza\u00e7\u00e3o de atividades presenciais e a dist\u00e2ncia, resultou no desenvolvimento de projetos de a\u00e7\u00e3o em diferentes n\u00edveis, com a\u00e7\u00f5es pedag\u00f3gicas<span style=\"color: #666666;\"> relativas \u00e0&nbsp;aproxima\u00e7\u00e3o<\/span>&nbsp;com a cultura escrita e&nbsp;ao&nbsp;cuidado e bem-estar junto \u00e0s crian\u00e7as.<\/p>\n<p><a href=\"https:\/\/avisala.org.br\/wp-content\/uploads\/2019\/08\/FER2-1.jpg\"><img loading=\"lazy\" decoding=\"async\" class=\"size-medium wp-image-9752 alignright\" src=\"https:\/\/avisala.org.br\/wp-content\/uploads\/2019\/08\/FER2-1.jpg\" alt=\"\" width=\"221\" height=\"137\"><\/a>Fruto desse trabalho s\u00e3o os Cadernos de Pr\u00e1ticas destinados \u00e0s equipes t\u00e9cnicas das secretarias de educa\u00e7\u00e3o, \u00e0s diretoras, coordenadoras pedag\u00f3gicas e \u00e0s professoras.<\/p>\n<p>A Avalia\u00e7\u00e3o Externa do processo foi realizada da Funda\u00e7\u00e3o Get\u00falio Vargas \u2013SP, que ressalta os resultados positivos, significativos e robustos tanto nos h\u00e1bitos de leitura, como de escrita das crian\u00e7as.<\/p>\n\n<div\n\t\t\t\n\t\t\tclass=\"so-widget-sow-post-carousel so-widget-sow-post-carousel-base-ad93eedad001\"\n\t\t\t\n\t\t><\/div>\n\n\n<p><\/p>\n","protected":false},"excerpt":{"rendered":"<p>A a\u00e7\u00e3o teve in\u00edcio em 2015, a partir de uma parceria com o Instituto Sonho Grande, que resultou na cria\u00e7\u00e3o do Programa Formar em Rede+. A cria\u00e7\u00e3o de uma comunidade de profissionais da educa\u00e7\u00e3o p\u00fablica de v\u00e1rios munic\u00edpios e a realiza\u00e7\u00e3o de atividades presenciais e a dist\u00e2ncia, resultou no desenvolvimento de projetos de a\u00e7\u00e3o em [&hellip;]<\/p>\n","protected":false},"author":224,"featured_media":9697,"parent":1350,"menu_order":0,"comment_status":"closed","ping_status":"closed","template":"","meta":{"footnotes":""},"class_list":["post-9715","page","type-page","status-publish","has-post-thumbnail","hentry","post","post-with-thumbnail","post-with-thumbnail-large"],"_links":{"self":[{"href":"https:\/\/avisala.org.br\/index.php\/wp-json\/wp\/v2\/pages\/9715","targetHints":{"allow":["GET"]}}],"collection":[{"href":"https:\/\/avisala.org.br\/index.php\/wp-json\/wp\/v2\/pages"}],"about":[{"href":"https:\/\/avisala.org.br\/index.php\/wp-json\/wp\/v2\/types\/page"}],"author":[{"embeddable":true,"href":"https:\/\/avisala.org.br\/index.php\/wp-json\/wp\/v2\/users\/224"}],"replies":[{"embeddable":true,"href":"https:\/\/avisala.org.br\/index.php\/wp-json\/wp\/v2\/comments?post=9715"}],"version-history":[{"count":1,"href":"https:\/\/avisala.org.br\/index.php\/wp-json\/wp\/v2\/pages\/9715\/revisions"}],"predecessor-version":[{"id":16172,"href":"https:\/\/avisala.org.br\/index.php\/wp-json\/wp\/v2\/pages\/9715\/revisions\/16172"}],"up":[{"embeddable":true,"href":"https:\/\/avisala.org.br\/index.php\/wp-json\/wp\/v2\/pages\/1350"}],"wp:featuredmedia":[{"embeddable":true,"href":"https:\/\/avisala.org.br\/index.php\/wp-json\/wp\/v2\/media\/9697"}],"wp:attachment":[{"href":"https:\/\/avisala.org.br\/index.php\/wp-json\/wp\/v2\/media?parent=9715"}],"curies":[{"name":"wp","href":"https:\/\/api.w.org\/{rel}","templated":true}]}}