{"id":9366,"date":"2019-08-21T13:58:41","date_gmt":"2019-08-21T16:58:41","guid":{"rendered":"https:\/\/oleestudio.com.br\/avisala\/?page_id=9366"},"modified":"2023-11-10T09:30:51","modified_gmt":"2023-11-10T12:30:51","slug":"parceiros-2","status":"publish","type":"page","link":"https:\/\/avisala.org.br\/index.php\/parceiros-2\/","title":{"rendered":"Parceiros"},"content":{"rendered":"<div id=\"pl-9366\"  class=\"panel-layout\" ><div id=\"pg-9366-0\"  class=\"panel-grid panel-no-style\" ><div id=\"pgc-9366-0-0\"  class=\"panel-grid-cell\" ><div id=\"panel-9366-0-0-0\" class=\"so-panel widget widget_text panel-first-child panel-last-child\" data-index=\"0\" >\t\t\t<div class=\"textwidget\"><p><span style=\"font-weight: 400;\">O Instituto Avisa L\u00e1 atua em redes p\u00fablicas de ensino por meio de parcerias. De um lado, as empresas que, por meio de seus institutos e funda\u00e7\u00f5es, apoiam tanto financeiramente, como no planejamento, gest\u00e3o e avalia\u00e7\u00e3o das a\u00e7\u00f5es e, por outro, as Secretarias de Educa\u00e7\u00e3o que se engajam nos projetos de forma\u00e7\u00e3o continuada.<\/span><\/p>\n<p><span style=\"font-weight: 400;\">E, ainda, outros institutos tornam-se nossos parceiros institucionais ou em a\u00e7\u00f5es conjuntas, potencializando saberes e construindo novas formas de atua\u00e7\u00e3o. <\/span><\/p>\n<\/div>\n\t\t<\/div><\/div><\/div><div id=\"pg-9366-1\"  class=\"panel-grid panel-has-style\" ><div id=\"parceiros\" class=\"panel-row-style panel-row-style-for-9366-1\" ><div id=\"pgc-9366-1-0\"  class=\"panel-grid-cell\" ><div id=\"panel-9366-1-0-0\" class=\"so-panel widget widget_text panel-first-child panel-last-child\" data-index=\"1\" ><h3 class=\"widget-title\">Parceiros Institucionais<\/h3>\t\t\t<div class=\"textwidget\"><p><img loading=\"lazy\" decoding=\"async\" class=\"alignnone wp-image-9370 size-full\" src=\"https:\/\/avisala.org.br\/wp-content\/uploads\/2019\/08\/ashoka_logo_retina.png\" alt=\"\" width=\"150\" height=\"150\" \/><img loading=\"lazy\" decoding=\"async\" class=\"alignnone wp-image-9371 size-full\" src=\"https:\/\/avisala.org.br\/wp-content\/uploads\/2019\/08\/logo_avina2.jpg\" alt=\"\" width=\"135\" height=\"67\" \/> <img loading=\"lazy\" decoding=\"async\" class=\"alignnone wp-image-9372 size-full\" src=\"https:\/\/avisala.org.br\/wp-content\/uploads\/2019\/08\/Undime-Logo.png\" alt=\"\" width=\"89\" height=\"76\" \/> <img loading=\"lazy\" decoding=\"async\" class=\"alignnone wp-image-9373 size-full\" src=\"https:\/\/avisala.org.br\/wp-content\/uploads\/2019\/08\/unesco-logo.png\" alt=\"\" width=\"150\" height=\"150\" \/> <img loading=\"lazy\" decoding=\"async\" class=\"alignnone wp-image-9374 size-full\" src=\"https:\/\/avisala.org.br\/wp-content\/uploads\/2019\/08\/unicef-logo.png\" alt=\"\" width=\"200\" height=\"200\" srcset=\"https:\/\/avisala.org.br\/wp-content\/uploads\/2019\/08\/unicef-logo.png 200w, https:\/\/avisala.org.br\/wp-content\/uploads\/2019\/08\/unicef-logo-150x150.png 150w\" sizes=\"auto, (max-width: 200px) 100vw, 200px\" \/><\/p>\n<\/div>\n\t\t<\/div><\/div><div id=\"pgc-9366-1-1\"  class=\"panel-grid-cell\" ><div id=\"panel-9366-1-1-0\" class=\"so-panel widget widget_text panel-first-child panel-last-child\" data-index=\"2\" ><h3 class=\"widget-title\">Parceiros Apoiadores<\/h3>\t\t\t<div class=\"textwidget\"><p><img loading=\"lazy\" decoding=\"async\" class=\"alignnone wp-image-9434 size-medium\" src=\"https:\/\/avisala.org.br\/wp-content\/uploads\/2019\/08\/logocolorido-itausocial-1-300x126.png\" alt=\"\" width=\"300\" height=\"126\" srcset=\"https:\/\/avisala.org.br\/wp-content\/uploads\/2019\/08\/logocolorido-itausocial-1-300x126.png 300w, https:\/\/avisala.org.br\/wp-content\/uploads\/2019\/08\/logocolorido-itausocial-1.png 454w\" sizes=\"auto, (max-width: 300px) 100vw, 300px\" \/><img loading=\"lazy\" decoding=\"async\" class=\"alignnone wp-image-9385 size-thumbnail\" src=\"https:\/\/avisala.org.br\/wp-content\/uploads\/2019\/08\/unicef-logo-1-150x150.png\" alt=\"\" width=\"150\" height=\"150\" srcset=\"https:\/\/avisala.org.br\/wp-content\/uploads\/2019\/08\/unicef-logo-1-150x150.png 150w, https:\/\/avisala.org.br\/wp-content\/uploads\/2019\/08\/unicef-logo-1.png 200w\" sizes=\"auto, (max-width: 150px) 100vw, 150px\" \/><img loading=\"lazy\" decoding=\"async\" class=\"alignnone wp-image-9436 size-medium\" src=\"https:\/\/avisala.org.br\/wp-content\/uploads\/2019\/08\/FUNDACAO-CARGILL-300x153.png\" alt=\"\" width=\"300\" height=\"153\" srcset=\"https:\/\/avisala.org.br\/wp-content\/uploads\/2019\/08\/FUNDACAO-CARGILL-300x153.png 300w, https:\/\/avisala.org.br\/wp-content\/uploads\/2019\/08\/FUNDACAO-CARGILL.png 610w\" sizes=\"auto, (max-width: 300px) 100vw, 300px\" \/><img loading=\"lazy\" decoding=\"async\" class=\"alignleft wp-image-14239 size-full\" src=\"https:\/\/avisala.org.br\/wp-content\/uploads\/2022\/09\/marca_completa_RGB_positivo.png\" alt=\"\" width=\"1920\" height=\"1080\" srcset=\"https:\/\/avisala.org.br\/wp-content\/uploads\/2022\/09\/marca_completa_RGB_positivo.png 1920w, https:\/\/avisala.org.br\/wp-content\/uploads\/2022\/09\/marca_completa_RGB_positivo-300x169.png 300w, https:\/\/avisala.org.br\/wp-content\/uploads\/2022\/09\/marca_completa_RGB_positivo-1024x576.png 1024w, https:\/\/avisala.org.br\/wp-content\/uploads\/2022\/09\/marca_completa_RGB_positivo-768x432.png 768w, https:\/\/avisala.org.br\/wp-content\/uploads\/2022\/09\/marca_completa_RGB_positivo-1536x864.png 1536w\" sizes=\"auto, (max-width: 1920px) 100vw, 1920px\" \/><img loading=\"lazy\" decoding=\"async\" class=\"alignleft wp-image-11167\" src=\"https:\/\/avisala.org.br\/wp-content\/uploads\/2020\/11\/SpecialDog_Company-002.png\" alt=\"\" width=\"150\" height=\"65\" srcset=\"https:\/\/avisala.org.br\/wp-content\/uploads\/2020\/11\/SpecialDog_Company-002.png 3000w, https:\/\/avisala.org.br\/wp-content\/uploads\/2020\/11\/SpecialDog_Company-002-300x131.png 300w, https:\/\/avisala.org.br\/wp-content\/uploads\/2020\/11\/SpecialDog_Company-002-1024x446.png 1024w, https:\/\/avisala.org.br\/wp-content\/uploads\/2020\/11\/SpecialDog_Company-002-768x334.png 768w, https:\/\/avisala.org.br\/wp-content\/uploads\/2020\/11\/SpecialDog_Company-002-1536x669.png 1536w, https:\/\/avisala.org.br\/wp-content\/uploads\/2020\/11\/SpecialDog_Company-002-2048x892.png 2048w\" sizes=\"auto, (max-width: 150px) 100vw, 150px\" \/> <img loading=\"lazy\" decoding=\"async\" class=\"alignleft wp-image-12773 size-full\" src=\"https:\/\/avisala.org.br\/wp-content\/uploads\/2021\/10\/baixados-1.png\" alt=\"\" width=\"225\" height=\"225\" srcset=\"https:\/\/avisala.org.br\/wp-content\/uploads\/2021\/10\/baixados-1.png 225w, https:\/\/avisala.org.br\/wp-content\/uploads\/2021\/10\/baixados-1-150x150.png 150w\" sizes=\"auto, (max-width: 225px) 100vw, 225px\" \/><\/p>\n<\/div>\n\t\t<\/div><\/div><div id=\"pgc-9366-1-2\"  class=\"panel-grid-cell\" ><div id=\"panel-9366-1-2-0\" class=\"so-panel widget widget_text panel-first-child panel-last-child\" data-index=\"3\" ><h3 class=\"widget-title\">Parceiros que J\u00e1 apoiaram nossos projetos e programas<\/h3>\t\t\t<div class=\"textwidget\"><p><img loading=\"lazy\" decoding=\"async\" class=\"alignnone wp-image-9429 size-medium\" src=\"https:\/\/avisala.org.br\/wp-content\/uploads\/2019\/08\/santander-logo-2-300x53.png\" alt=\"\" width=\"300\" height=\"53\" srcset=\"https:\/\/avisala.org.br\/wp-content\/uploads\/2019\/08\/santander-logo-2-300x53.png 300w, https:\/\/avisala.org.br\/wp-content\/uploads\/2019\/08\/santander-logo-2.png 500w\" sizes=\"auto, (max-width: 300px) 100vw, 300px\" \/><img loading=\"lazy\" decoding=\"async\" class=\"alignleft wp-image-9389 size-thumbnail\" src=\"https:\/\/avisala.org.br\/wp-content\/uploads\/2019\/08\/Deutsche-Bank-150x150.png\" alt=\"\" width=\"150\" height=\"150\" srcset=\"https:\/\/avisala.org.br\/wp-content\/uploads\/2019\/08\/Deutsche-Bank-150x150.png 150w, https:\/\/avisala.org.br\/wp-content\/uploads\/2019\/08\/Deutsche-Bank.png 200w\" sizes=\"auto, (max-width: 150px) 100vw, 150px\" \/><img loading=\"lazy\" decoding=\"async\" class=\"alignleft wp-image-9388 size-full\" src=\"https:\/\/avisala.org.br\/wp-content\/uploads\/2019\/08\/Bunge-Logo.jpg\" alt=\"\" width=\"225\" height=\"225\" srcset=\"https:\/\/avisala.org.br\/wp-content\/uploads\/2019\/08\/Bunge-Logo.jpg 225w, https:\/\/avisala.org.br\/wp-content\/uploads\/2019\/08\/Bunge-Logo-150x150.jpg 150w\" sizes=\"auto, (max-width: 225px) 100vw, 225px\" \/><img loading=\"lazy\" decoding=\"async\" class=\"alignnone wp-image-9427 size-full\" src=\"https:\/\/avisala.org.br\/wp-content\/uploads\/2019\/08\/logo_fundacao_nestle_brasil.png\" alt=\"\" width=\"200\" height=\"150\" \/> <img loading=\"lazy\" decoding=\"async\" class=\"alignleft wp-image-9421 size-medium\" src=\"https:\/\/avisala.org.br\/wp-content\/uploads\/2019\/08\/IBM-Logo-2-300x136.png\" alt=\"\" width=\"300\" height=\"136\" srcset=\"https:\/\/avisala.org.br\/wp-content\/uploads\/2019\/08\/IBM-Logo-2-300x136.png 300w, https:\/\/avisala.org.br\/wp-content\/uploads\/2019\/08\/IBM-Logo-2-768x349.png 768w, https:\/\/avisala.org.br\/wp-content\/uploads\/2019\/08\/IBM-Logo-2-1024x465.png 1024w\" sizes=\"auto, (max-width: 300px) 100vw, 300px\" \/><img loading=\"lazy\" decoding=\"async\" class=\"alignnone wp-image-9428 size-full\" src=\"https:\/\/avisala.org.br\/wp-content\/uploads\/2019\/08\/LOGO_INSTITUTO_AZZI.png\" alt=\"\" width=\"500\" height=\"98\" srcset=\"https:\/\/avisala.org.br\/wp-content\/uploads\/2019\/08\/LOGO_INSTITUTO_AZZI.png 500w, https:\/\/avisala.org.br\/wp-content\/uploads\/2019\/08\/LOGO_INSTITUTO_AZZI-300x59.png 300w\" sizes=\"auto, (max-width: 500px) 100vw, 500px\" \/><img loading=\"lazy\" decoding=\"async\" class=\"alignleft wp-image-9393 size-medium\" src=\"https:\/\/avisala.org.br\/wp-content\/uploads\/2019\/08\/Inst-BRF-300x143.jpg\" alt=\"\" width=\"300\" height=\"143\" srcset=\"https:\/\/avisala.org.br\/wp-content\/uploads\/2019\/08\/Inst-BRF-300x143.jpg 300w, https:\/\/avisala.org.br\/wp-content\/uploads\/2019\/08\/Inst-BRF.jpg 326w\" sizes=\"auto, (max-width: 300px) 100vw, 300px\" \/> <img loading=\"lazy\" decoding=\"async\" class=\"alignleft wp-image-9408 size-medium\" src=\"https:\/\/avisala.org.br\/wp-content\/uploads\/2019\/08\/ICA-300x40.png\" alt=\"\" width=\"300\" height=\"40\" srcset=\"https:\/\/avisala.org.br\/wp-content\/uploads\/2019\/08\/ICA-300x40.png 300w, https:\/\/avisala.org.br\/wp-content\/uploads\/2019\/08\/ICA-768x102.png 768w, https:\/\/avisala.org.br\/wp-content\/uploads\/2019\/08\/ICA.png 804w\" sizes=\"auto, (max-width: 300px) 100vw, 300px\" \/><img loading=\"lazy\" decoding=\"async\" class=\"alignleft wp-image-9413 size-full\" src=\"https:\/\/avisala.org.br\/wp-content\/uploads\/2019\/08\/whatsapp_image_2018-07-20_at_14.04.13_HFNppH1.jpeg\" alt=\"\" width=\"245\" height=\"205\" \/><img loading=\"lazy\" decoding=\"async\" class=\"alignleft wp-image-9395 size-full\" src=\"https:\/\/avisala.org.br\/wp-content\/uploads\/2019\/08\/Inst-Gerdau.jpg\" alt=\"\" width=\"420\" height=\"120\" srcset=\"https:\/\/avisala.org.br\/wp-content\/uploads\/2019\/08\/Inst-Gerdau.jpg 420w, https:\/\/avisala.org.br\/wp-content\/uploads\/2019\/08\/Inst-Gerdau-300x86.jpg 300w\" sizes=\"auto, (max-width: 420px) 100vw, 420px\" \/><img loading=\"lazy\" decoding=\"async\" class=\"alignnone wp-image-9425 size-full\" src=\"https:\/\/avisala.org.br\/wp-content\/uploads\/2019\/08\/Inst-GWI.png\" alt=\"\" width=\"264\" height=\"74\" \/><img loading=\"lazy\" decoding=\"async\" class=\"alignleft wp-image-9392 size-full\" src=\"https:\/\/avisala.org.br\/wp-content\/uploads\/2019\/08\/Inst-JAMA.png\" alt=\"\" width=\"241\" height=\"80\" \/> <img loading=\"lazy\" decoding=\"async\" class=\"alignleft wp-image-9414 size-full\" src=\"https:\/\/avisala.org.br\/wp-content\/uploads\/2019\/08\/p5.png\" alt=\"\" width=\"253\" height=\"225\" \/><img loading=\"lazy\" decoding=\"async\" class=\"alignleft wp-image-9398 size-thumbnail\" src=\"https:\/\/avisala.org.br\/wp-content\/uploads\/2019\/08\/Natura-150x114.png\" alt=\"\" width=\"150\" height=\"114\" srcset=\"https:\/\/avisala.org.br\/wp-content\/uploads\/2019\/08\/Natura-150x114.png 150w, https:\/\/avisala.org.br\/wp-content\/uploads\/2019\/08\/Natura.png 151w\" sizes=\"auto, (max-width: 150px) 100vw, 150px\" \/> <img loading=\"lazy\" decoding=\"async\" class=\"alignleft wp-image-9401 size-medium\" src=\"https:\/\/avisala.org.br\/wp-content\/uploads\/2019\/08\/United-Way-300x126.png\" alt=\"\" width=\"300\" height=\"126\" srcset=\"https:\/\/avisala.org.br\/wp-content\/uploads\/2019\/08\/United-Way-300x126.png 300w, https:\/\/avisala.org.br\/wp-content\/uploads\/2019\/08\/United-Way.png 328w\" sizes=\"auto, (max-width: 300px) 100vw, 300px\" \/><img loading=\"lazy\" decoding=\"async\" class=\"alignnone wp-image-9430 size-medium\" src=\"https:\/\/avisala.org.br\/wp-content\/uploads\/2019\/08\/Promon-1-300x78.png\" alt=\"\" width=\"300\" height=\"78\" srcset=\"https:\/\/avisala.org.br\/wp-content\/uploads\/2019\/08\/Promon-1-300x78.png 300w, https:\/\/avisala.org.br\/wp-content\/uploads\/2019\/08\/Promon-1.png 472w\" sizes=\"auto, (max-width: 300px) 100vw, 300px\" \/><\/p>\n<p><img loading=\"lazy\" decoding=\"async\" class=\"alignnone wp-image-9380 size-medium\" src=\"https:\/\/avisala.org.br\/wp-content\/uploads\/2019\/08\/lemann_logo-300x167.png\" alt=\"\" width=\"300\" height=\"167\" srcset=\"https:\/\/avisala.org.br\/wp-content\/uploads\/2019\/08\/lemann_logo-300x167.png 300w, https:\/\/avisala.org.br\/wp-content\/uploads\/2019\/08\/lemann_logo-768x428.png 768w, https:\/\/avisala.org.br\/wp-content\/uploads\/2019\/08\/lemann_logo-1024x571.png 1024w\" sizes=\"auto, (max-width: 300px) 100vw, 300px\" \/><img loading=\"lazy\" decoding=\"async\" class=\"alignnone wp-image-9379 size-full\" src=\"https:\/\/avisala.org.br\/wp-content\/uploads\/2019\/08\/Klabin-_-Logo.png\" alt=\"\" width=\"165\" height=\"115\" \/><img loading=\"lazy\" decoding=\"async\" class=\"alignnone wp-image-9438 size-medium\" src=\"https:\/\/avisala.org.br\/wp-content\/uploads\/2019\/08\/PARCEIROS-300x265.png\" alt=\"\" width=\"300\" height=\"265\" srcset=\"https:\/\/avisala.org.br\/wp-content\/uploads\/2019\/08\/PARCEIROS-300x265.png 300w, https:\/\/avisala.org.br\/wp-content\/uploads\/2019\/08\/PARCEIROS.png 500w\" sizes=\"auto, (max-width: 300px) 100vw, 300px\" \/><img loading=\"lazy\" decoding=\"async\" class=\"alignnone wp-image-9383 size-full\" src=\"https:\/\/avisala.org.br\/wp-content\/uploads\/2019\/08\/Sogefi-logo.png\" alt=\"\" width=\"280\" height=\"180\" \/><img loading=\"lazy\" decoding=\"async\" class=\"alignnone wp-image-9376 size-full\" src=\"https:\/\/avisala.org.br\/wp-content\/uploads\/2019\/08\/FEMSA-Logo.png\" alt=\"\" width=\"212\" height=\"121\" \/><img loading=\"lazy\" decoding=\"async\" class=\"alignleft wp-image-14242 size-full\" src=\"https:\/\/avisala.org.br\/wp-content\/uploads\/2022\/09\/Sesamo_logo.svg_.png\" alt=\"\" width=\"1280\" height=\"833\" srcset=\"https:\/\/avisala.org.br\/wp-content\/uploads\/2022\/09\/Sesamo_logo.svg_.png 1280w, https:\/\/avisala.org.br\/wp-content\/uploads\/2022\/09\/Sesamo_logo.svg_-300x195.png 300w, https:\/\/avisala.org.br\/wp-content\/uploads\/2022\/09\/Sesamo_logo.svg_-1024x666.png 1024w, https:\/\/avisala.org.br\/wp-content\/uploads\/2022\/09\/Sesamo_logo.svg_-768x500.png 768w\" sizes=\"auto, (max-width: 1280px) 100vw, 1280px\" \/> <img loading=\"lazy\" decoding=\"async\" class=\"alignnone wp-image-10118 size-full\" src=\"https:\/\/avisala.org.br\/wp-content\/uploads\/2019\/09\/banner_companhiadasletras_preto.png\" alt=\"\" width=\"120\" height=\"46\" \/><\/p>\n<\/div>\n\t\t<\/div><\/div><div id=\"pgc-9366-1-3\"  class=\"panel-grid-cell\" ><div id=\"panel-9366-1-3-0\" class=\"so-panel widget widget_text panel-first-child panel-last-child\" data-index=\"4\" ><h3 class=\"widget-title\">Parceiros de Trabalho<\/h3>\t\t\t<div class=\"textwidget\"><p><img loading=\"lazy\" decoding=\"async\" class=\"alignnone wp-image-9402 size-full\" src=\"https:\/\/avisala.org.br\/wp-content\/uploads\/2019\/08\/Alana.png\" alt=\"\" width=\"165\" height=\"165\" srcset=\"https:\/\/avisala.org.br\/wp-content\/uploads\/2019\/08\/Alana.png 165w, https:\/\/avisala.org.br\/wp-content\/uploads\/2019\/08\/Alana-150x150.png 150w\" sizes=\"auto, (max-width: 165px) 100vw, 165px\" \/> <img loading=\"lazy\" decoding=\"async\" class=\"alignnone wp-image-9403 size-full\" src=\"https:\/\/avisala.org.br\/wp-content\/uploads\/2019\/08\/Cenpec.png\" alt=\"\" width=\"121\" height=\"130\" \/> <img loading=\"lazy\" decoding=\"async\" class=\"alignleft wp-image-12755\" src=\"https:\/\/avisala.org.br\/wp-content\/uploads\/2021\/10\/1_MARCA_ICEP_OFICIAL_SLOGAN.png\" alt=\"\" width=\"299\" height=\"121\" srcset=\"https:\/\/avisala.org.br\/wp-content\/uploads\/2021\/10\/1_MARCA_ICEP_OFICIAL_SLOGAN.png 873w, https:\/\/avisala.org.br\/wp-content\/uploads\/2021\/10\/1_MARCA_ICEP_OFICIAL_SLOGAN-300x122.png 300w, https:\/\/avisala.org.br\/wp-content\/uploads\/2021\/10\/1_MARCA_ICEP_OFICIAL_SLOGAN-768x311.png 768w\" sizes=\"auto, (max-width: 299px) 100vw, 299px\" \/> <img loading=\"lazy\" decoding=\"async\" class=\"alignleft wp-image-12762 \" src=\"https:\/\/avisala.org.br\/wp-content\/uploads\/2021\/10\/LOGO_Museu_da_pessoa_Preto-12-e1610328298897.png\" alt=\"\" width=\"215\" height=\"93\" srcset=\"https:\/\/avisala.org.br\/wp-content\/uploads\/2021\/10\/LOGO_Museu_da_pessoa_Preto-12-e1610328298897.png 1068w, https:\/\/avisala.org.br\/wp-content\/uploads\/2021\/10\/LOGO_Museu_da_pessoa_Preto-12-e1610328298897-300x130.png 300w, https:\/\/avisala.org.br\/wp-content\/uploads\/2021\/10\/LOGO_Museu_da_pessoa_Preto-12-e1610328298897-1024x443.png 1024w, https:\/\/avisala.org.br\/wp-content\/uploads\/2021\/10\/LOGO_Museu_da_pessoa_Preto-12-e1610328298897-768x332.png 768w\" sizes=\"auto, (max-width: 215px) 100vw, 215px\" \/><\/p>\n<\/div>\n\t\t<\/div><\/div><\/div><\/div><div id=\"pg-9366-2\"  class=\"panel-grid panel-no-style\" ><div id=\"pgc-9366-2-0\"  class=\"panel-grid-cell\" ><div id=\"panel-9366-2-0-0\" class=\"so-panel widget widget_text panel-first-child panel-last-child\" data-index=\"5\" ><h3 class=\"widget-title\">Conhe\u00e7a nossos Cases<\/h3>\t\t\t<div class=\"textwidget\"><p>Trabalhamos por meio de um desenho cuidadoso do projeto, atendendo a todos os parceiros envolvidos, flexibilizando a operacionaliza\u00e7\u00e3o e incorporando novas demandas, o que viabiliza avan\u00e7os nas a\u00e7\u00f5es de forma\u00e7\u00e3o e na qualidade da educa\u00e7\u00e3o oferecida.<\/p>\n<p><strong>Conhe\u00e7a alguns cases<\/strong><\/p>\n<\/div>\n\t\t<\/div><\/div><\/div><div id=\"pg-9366-3\"  class=\"panel-grid panel-has-style\" ><div id=\"cases\" class=\"panel-row-style panel-row-style-for-9366-3\" ><div id=\"pgc-9366-3-0\"  class=\"panel-grid-cell\" ><div id=\"panel-9366-3-0-0\" class=\"so-panel widget widget_sow-image panel-first-child panel-last-child\" data-index=\"6\" ><div\n\t\t\t\n\t\t\tclass=\"so-widget-sow-image so-widget-sow-image-default-8b5b6f678277-9366\"\n\t\t\t\n\t\t>\n<div class=\"sow-image-container\">\n\t\t\t<a href=\"https:\/\/avisala.org.br\/index.php\/parceiros\/case-1-programa-de-educacao-infantil-santander\/\"\n\t\t\t\t\t>\n\t\t\t<img \n\tsrc=\"https:\/\/avisala.org.br\/wp-content\/uploads\/2019\/08\/case1.jpg\" width=\"272\" height=\"182\" sizes=\"(max-width: 272px) 100vw, 272px\" title=\"Case 1 - Programa de Educa\u00e7\u00e3o Infantil Santander (PEI)\" alt=\"\" \t\tclass=\"so-widget-image\"\/>\n\t\t\t<\/a><\/div>\n\n<h3 class=\"widget-title\">Case 1 - Programa de Educa\u00e7\u00e3o Infantil Santander (PEI)<\/h3><\/div><\/div><\/div><div id=\"pgc-9366-3-1\"  class=\"panel-grid-cell\" ><div id=\"panel-9366-3-1-0\" class=\"so-panel widget widget_sow-image panel-first-child panel-last-child\" data-index=\"7\" ><div\n\t\t\t\n\t\t\tclass=\"so-widget-sow-image so-widget-sow-image-default-8b5b6f678277-9366\"\n\t\t\t\n\t\t>\n<div class=\"sow-image-container\">\n\t\t\t<a href=\"https:\/\/avisala.org.br\/index.php\/parceiros\/case-2-fer\/\"\n\t\t\t\t\t>\n\t\t\t<img \n\tsrc=\"https:\/\/avisala.org.br\/wp-content\/uploads\/2019\/08\/case2.jpg\" width=\"272\" height=\"182\" sizes=\"(max-width: 272px) 100vw, 272px\" title=\"Case 2 - Formar em Rede +\" alt=\"\" \t\tclass=\"so-widget-image\"\/>\n\t\t\t<\/a><\/div>\n\n<h3 class=\"widget-title\">Case 2 - Formar em Rede +<\/h3><\/div><\/div><\/div><div id=\"pgc-9366-3-2\"  class=\"panel-grid-cell\" ><div id=\"panel-9366-3-2-0\" class=\"so-panel widget widget_sow-image panel-first-child panel-last-child\" data-index=\"8\" ><div\n\t\t\t\n\t\t\tclass=\"so-widget-sow-image so-widget-sow-image-default-8b5b6f678277-9366\"\n\t\t\t\n\t\t>\n<div class=\"sow-image-container\">\n\t\t\t<a href=\"https:\/\/avisala.org.br\/index.php\/parceiros\/case-local-1-formacao-0-a-3-mogi-mirim\/\"\n\t\t\t\t\t>\n\t\t\t<img \n\tsrc=\"https:\/\/avisala.org.br\/wp-content\/uploads\/2019\/08\/case3.jpg\" width=\"272\" height=\"182\" sizes=\"(max-width: 272px) 100vw, 272px\" title=\"Case Local 1 - Forma\u00e7\u00e3o 0 a 3 - Mogi Mirim\" alt=\"\" \t\tclass=\"so-widget-image\"\/>\n\t\t\t<\/a><\/div>\n\n<h3 class=\"widget-title\">Case Local 1 - Forma\u00e7\u00e3o 0 a 3 - Mogi Mirim<\/h3><\/div><\/div><\/div><div id=\"pgc-9366-3-3\"  class=\"panel-grid-cell\" ><div id=\"panel-9366-3-3-0\" class=\"so-panel widget widget_sow-image panel-first-child panel-last-child\" data-index=\"9\" ><div\n\t\t\t\n\t\t\tclass=\"so-widget-sow-image so-widget-sow-image-default-8b5b6f678277-9366\"\n\t\t\t\n\t\t>\n<div class=\"sow-image-container\">\n\t\t\t<a href=\"https:\/\/avisala.org.br\/index.php\/parceiros\/case-local-2-formacao-sta-cruz-2\/\"\n\t\t\t\t\t>\n\t\t\t<img \n\tsrc=\"https:\/\/avisala.org.br\/wp-content\/uploads\/2019\/08\/case4.jpg\" width=\"272\" height=\"182\" sizes=\"(max-width: 272px) 100vw, 272px\" title=\"Caso Local 2 - Forma\u00e7\u00e3o - Santa Cruz do Rio Pardo\" alt=\"\" \t\tclass=\"so-widget-image\"\/>\n\t\t\t<\/a><\/div>\n\n<h3 class=\"widget-title\">Caso Local 2 - Forma\u00e7\u00e3o - Santa Cruz do Rio Pardo<\/h3><\/div><\/div><\/div><\/div><\/div><\/div>","protected":false},"excerpt":{"rendered":"<p>O Instituto Avisa L\u00e1 atua em redes p\u00fablicas de ensino por meio de parcerias. De um lado, as empresas que, por meio de seus institutos e funda\u00e7\u00f5es, apoiam tanto financeiramente, como no planejamento, gest\u00e3o e avalia\u00e7\u00e3o das a\u00e7\u00f5es e, por outro, as Secretarias de Educa\u00e7\u00e3o que se engajam nos projetos de forma\u00e7\u00e3o continuada. E, ainda, [&hellip;]<\/p>\n","protected":false},"author":224,"featured_media":0,"parent":0,"menu_order":0,"comment_status":"closed","ping_status":"closed","template":"templates\/template-full.php","meta":{"footnotes":""},"class_list":["post-9366","page","type-page","status-publish","hentry","post"],"_links":{"self":[{"href":"https:\/\/avisala.org.br\/index.php\/wp-json\/wp\/v2\/pages\/9366","targetHints":{"allow":["GET"]}}],"collection":[{"href":"https:\/\/avisala.org.br\/index.php\/wp-json\/wp\/v2\/pages"}],"about":[{"href":"https:\/\/avisala.org.br\/index.php\/wp-json\/wp\/v2\/types\/page"}],"author":[{"embeddable":true,"href":"https:\/\/avisala.org.br\/index.php\/wp-json\/wp\/v2\/users\/224"}],"replies":[{"embeddable":true,"href":"https:\/\/avisala.org.br\/index.php\/wp-json\/wp\/v2\/comments?post=9366"}],"version-history":[{"count":1,"href":"https:\/\/avisala.org.br\/index.php\/wp-json\/wp\/v2\/pages\/9366\/revisions"}],"predecessor-version":[{"id":16170,"href":"https:\/\/avisala.org.br\/index.php\/wp-json\/wp\/v2\/pages\/9366\/revisions\/16170"}],"wp:attachment":[{"href":"https:\/\/avisala.org.br\/index.php\/wp-json\/wp\/v2\/media?parent=9366"}],"curies":[{"name":"wp","href":"https:\/\/api.w.org\/{rel}","templated":true}]}}