{"id":2396,"date":"2012-12-11T19:07:05","date_gmt":"2012-12-11T21:07:05","guid":{"rendered":"http:\/\/avisala1.tempsite.ws\/portal\/?page_id=2396"},"modified":"2023-11-10T09:18:40","modified_gmt":"2023-11-10T12:18:40","slug":"programa-capacitar-educacao-infantil","status":"publish","type":"page","link":"https:\/\/avisala.org.br\/index.php\/programas\/programa-capacitar-educacao-infantil\/","title":{"rendered":"Programa Capacitar na Educa\u00e7\u00e3o Infantil"},"content":{"rendered":"<p><strong><img loading=\"lazy\" decoding=\"async\" class=\" wp-image-6738 alignleft\" alt=\"capacitar\" src=\"https:\/\/avisala.org.br\/portal\/wp-content\/uploads\/2012\/12\/capacitar.jpg\" width=\"175\" height=\"175\" srcset=\"https:\/\/avisala.org.br\/wp-content\/uploads\/2012\/12\/capacitar.jpg 250w, https:\/\/avisala.org.br\/wp-content\/uploads\/2012\/12\/capacitar-150x150.jpg 150w\" sizes=\"auto, (max-width: 175px) 100vw, 175px\" \/>O que \u00e9<\/strong><strong> <\/strong><\/p>\n<p>O \u00a0programa Capacitar na Educa\u00e7\u00e3o Infantil\u00a0 atua de duas formas:<\/p>\n<h3>1- Na Regi\u00e3o Metropolitana da cidade de S\u00e3o Paulo<\/h3>\n<p>De maneira presencial com atividades de forma\u00e7\u00e3o continuada\u00a0 para \u00a0todos os profissionais das creches \u00a0e ou pr\u00e9 escolas participantes: professores, coordenadores, diretores, cozinheiras e pessoal de limpeza e sa\u00fade. O objetivo do projeto \u00e9 disseminar, implantar e consolidar estrat\u00e9gias de forma\u00e7\u00e3o continuada de profissionais de Educa\u00e7\u00e3o Infantil, visando mudan\u00e7as efetivas na qualidade do atendimento.<\/p>\n<p><strong>Como funciona<\/strong><\/p>\n<p><em>A\u00e7\u00f5es do Avisa L\u00e1:<\/em><\/p>\n<ul>\n<li>Encontro de forma\u00e7\u00e3o;<\/li>\n<li>Supervis\u00e3o presencial;<\/li>\n<li>Projeto com crian\u00e7as;<\/li>\n<li>Encontros espec\u00edficos de sa\u00fade e gerenciamento;<\/li>\n<\/ul>\n<h3>2- Capacitar regionalizado\u00a0(diferentes estados e munic\u00edpios)<\/h3>\n<p>Destinado \u00e0s equipes t\u00e9cnicas das secretarias de educa\u00e7\u00e3o que tem sob sua responsabilidade\u00a0 as creches e pr\u00e9 escolas p\u00fablicas.<\/p>\n<p><em>A\u00e7\u00f5es do Avisa L\u00e1:<\/em><\/p>\n<ul>\n<li>Consultoria \u00e0 equipe local (encontros mensais e supervis\u00e3o a dist\u00e2ncia); Encontros espec\u00edficos \u00a0com equipe gestora, t\u00e9cnicos, coordenadores pedag\u00f3gicos e ou diretores;<\/li>\n<li>Desenvolvimento compartilhado de projeto em duas salas<\/li>\n<li>Desenvolvimento compartilhado metodologia de forma\u00e7\u00e3o de formadores.<\/li>\n<li>A\u00e7\u00f5es das Secretarias<\/li>\n<li>Projeto de forma\u00e7\u00e3o continuada direta em pelo menos 2 UEs;<\/li>\n<li>Dissemina\u00e7\u00e3o para demais unidades;<\/li>\n<li>Forma\u00e7\u00e3o Continuada de Professores;<\/li>\n<li>Forma\u00e7\u00e3o Diretores e ou coordenadores.<\/li>\n<\/ul>\n<p><strong>Participe<\/strong><\/p>\n<p><em>Secretarias de educa\u00e7\u00e3o<\/em><\/p>\n<ul>\n<li>Para levar o programa para o seu munic\u00edpio, ligue para (11) 30325411 ou envie uma mensagem <a title=\"Contato\" href=\"https:\/\/avisala.org.br\/index.php\/contato\/\">aqui<\/a>.<\/li>\n<\/ul>\n<p><em>Empresas <\/em><\/p>\n<ul>\n<li>Para ser uma empresa parceira do programa nos munic\u00edpios onde atua, ligue para (11) 30325411 ou envie uma mensagem <a title=\"Contato\" href=\"https:\/\/avisala.org.br\/index.php\/contato\/\">aqui<\/a>.<\/li>\n<\/ul>\n","protected":false},"excerpt":{"rendered":"<p>O que \u00e9 O \u00a0programa Capacitar na Educa\u00e7\u00e3o Infantil\u00a0 atua de duas formas: 1- Na Regi\u00e3o Metropolitana da cidade de S\u00e3o Paulo De maneira presencial com atividades de forma\u00e7\u00e3o continuada\u00a0 para \u00a0todos os profissionais das creches \u00a0e ou pr\u00e9 escolas participantes: professores, coordenadores, diretores, cozinheiras e pessoal de limpeza e sa\u00fade. O objetivo do projeto [&hellip;]<\/p>\n","protected":false},"author":1,"featured_media":0,"parent":1355,"menu_order":0,"comment_status":"open","ping_status":"closed","template":"","meta":{"footnotes":""},"class_list":["post-2396","page","type-page","status-publish","hentry","post"],"_links":{"self":[{"href":"https:\/\/avisala.org.br\/index.php\/wp-json\/wp\/v2\/pages\/2396","targetHints":{"allow":["GET"]}}],"collection":[{"href":"https:\/\/avisala.org.br\/index.php\/wp-json\/wp\/v2\/pages"}],"about":[{"href":"https:\/\/avisala.org.br\/index.php\/wp-json\/wp\/v2\/types\/page"}],"author":[{"embeddable":true,"href":"https:\/\/avisala.org.br\/index.php\/wp-json\/wp\/v2\/users\/1"}],"replies":[{"embeddable":true,"href":"https:\/\/avisala.org.br\/index.php\/wp-json\/wp\/v2\/comments?post=2396"}],"version-history":[{"count":2,"href":"https:\/\/avisala.org.br\/index.php\/wp-json\/wp\/v2\/pages\/2396\/revisions"}],"predecessor-version":[{"id":16164,"href":"https:\/\/avisala.org.br\/index.php\/wp-json\/wp\/v2\/pages\/2396\/revisions\/16164"}],"up":[{"embeddable":true,"href":"https:\/\/avisala.org.br\/index.php\/wp-json\/wp\/v2\/pages\/1355"}],"wp:attachment":[{"href":"https:\/\/avisala.org.br\/index.php\/wp-json\/wp\/v2\/media?parent=2396"}],"curies":[{"name":"wp","href":"https:\/\/api.w.org\/{rel}","templated":true}]}}

Programa Capacitar na Educação Infantil

<p><strong><img loading="lazy" decoding="async" class=" wp-image-6738 alignleft" alt="capacitar" src="https://avisala.org.br/portal/wp-content/uploads/2012/12/capacitar.jpg" width="175" height="175" srcset="https://avisala.org.br/wp-content/uploads/2012/12/capacitar.jpg 250w, https://avisala.org.br/wp-content/uploads/2012/12/capacitar-150x150.jpg 150w" sizes="auto, (max-width: 175px) 100vw, 175px" />O que é</strong><strong> </strong></p>
<p>O  programa Capacitar na Educação Infantil  atua de duas formas:</p>
<h3>1- Na Região Metropolitana da cidade de São Paulo</h3>
<p>De maneira presencial com atividades de formação continuada  para  todos os profissionais das creches  e ou pré escolas participantes: professores, coordenadores, diretores, cozinheiras e pessoal de limpeza e saúde. O objetivo do projeto é disseminar, implantar e consolidar estratégias de formação continuada de profissionais de Educação Infantil, visando mudanças efetivas na qualidade do atendimento.</p>
<p><strong>Como funciona</strong></p>
<p><em>Ações do Avisa Lá:</em></p>
<ul>
<li>Encontro de formação;</li>
<li>Supervisão presencial;</li>
<li>Projeto com crianças;</li>
<li>Encontros específicos de saúde e gerenciamento;</li>
</ul>
<h3>2- Capacitar regionalizado (diferentes estados e municípios)</h3>
<p>Destinado às equipes técnicas das secretarias de educação que tem sob sua responsabilidade  as creches e pré escolas públicas.</p>
<p><em>Ações do Avisa Lá:</em></p>
<ul>
<li>Consultoria à equipe local (encontros mensais e supervisão a distância); Encontros específicos  com equipe gestora, técnicos, coordenadores pedagógicos e ou diretores;</li>
<li>Desenvolvimento compartilhado de projeto em duas salas</li>
<li>Desenvolvimento compartilhado metodologia de formação de formadores.</li>
<li>Ações das Secretarias</li>
<li>Projeto de formação continuada direta em pelo menos 2 UEs;</li>
<li>Disseminação para demais unidades;</li>
<li>Formação Continuada de Professores;</li>
<li>Formação Diretores e ou coordenadores.</li>
</ul>
<p><strong>Participe</strong></p>
<p><em>Secretarias de educação</em></p>
<ul>
<li>Para levar o programa para o seu município, ligue para (11) 30325411 ou envie uma mensagem <a title="Contato" href="https://avisala.org.br/index.php/contato/">aqui</a>.</li>
</ul>
<p><em>Empresas </em></p>
<ul>
<li>Para ser uma empresa parceira do programa nos municípios onde atua, ligue para (11) 30325411 ou envie uma mensagem <a title="Contato" href="https://avisala.org.br/index.php/contato/">aqui</a>.</li>
</ul>

<p>O que é O  programa Capacitar na Educação Infantil  atua de duas formas: 1- Na Região Metropolitana da cidade de São Paulo De maneira presencial com atividades de formação continuada  para  todos os profissionais das creches  e ou pré escolas participantes: professores, coordenadores, diretores, cozinheiras e pessoal de limpeza e saúde. O objetivo do projeto [&hellip;]</p>
