{"id":1353,"date":"2012-10-23T16:38:10","date_gmt":"2012-10-23T18:38:10","guid":{"rendered":"http:\/\/avisala1.tempsite.ws\/portal\/?page_id=1353"},"modified":"2023-11-10T08:18:55","modified_gmt":"2023-11-10T11:18:55","slug":"revista-avisa-la","status":"publish","type":"page","link":"https:\/\/avisala.org.br\/index.php\/publicacoes\/revista-avisa-la\/","title":{"rendered":"Revista Avisa l\u00e1"},"content":{"rendered":"<p>A <strong>Revista Avisa l\u00e1<\/strong> \u00e9 uma publica\u00e7\u00e3o trimestral editada pelo <strong>Instituto Avisa L\u00e1<\/strong>. Sua meta \u00e9 contribuir para a forma\u00e7\u00e3o de professores de Educa\u00e7\u00e3o Infantil e s\u00e9ries iniciais do Ensino Fundamental. \u00c9 totalmente voltada para o desenvolvimento profissional permanente e d\u00e1 voz aos principais atores da escola: crian\u00e7as, educadores e seus formadores.<\/p>\n<p>Os artigos escolhidos para publica\u00e7\u00e3o privilegiam conhecer a crian\u00e7a, saber como ela sente, pensa e se expressa nas mais diferentes linguagens; verificar como os professores constroem conhecimentos sobre sua pr\u00e1tica; colaborar para que a cultura seja vista como alimento para a educa\u00e7\u00e3o, como subst\u00e2ncia para a pr\u00e1tica educativa; conhecer as diferentes possibilidades de organizar o espa\u00e7o, a rotina e o tempo did\u00e1tico, por meio de atividades permanentes, seq\u00fc\u00eancias did\u00e1ticas e projetos. E, principalmente, considerar que quem educa cuida de v\u00e1rios jeitos.<\/p>\n<p>Nessa revista, a concep\u00e7\u00e3o construtivista de ensino e aprendizagem n\u00e3o \u00e9 apenas um conceito te\u00f3rico, distante da realidade. Todos os envolvidos mostram suas produ\u00e7\u00f5es de forma viva, intensa e interessante.<\/p>\n<p>Veja a edi\u00e7\u00e3o n\u00famero 10 e compre as edi\u00e7\u00f5es anteriores em nossa loja.<\/p>\n<p><object style=\"width: 550px; height: 367px;\" width=\"320\" height=\"240\" classid=\"clsid:d27cdb6e-ae6d-11cf-96b8-444553540000\" codebase=\"http:\/\/download.macromedia.com\/pub\/shockwave\/cabs\/flash\/swflash.cab#version=6,0,40,0\"><param name=\"allowfullscreen\" value=\"true\" \/><param name=\"menu\" value=\"false\" \/><param name=\"wmode\" value=\"transparent\" \/><param name=\"src\" value=\"http:\/\/static.issuu.com\/webembed\/viewers\/style1\/v2\/IssuuReader.swf\" \/><param name=\"flashvars\" value=\"mode=mini&amp;embedBackground=%23ffffff&amp;shareMenuEnabled=false&amp;printButtonEnabled=false&amp;backgroundColor=%23222222&amp;documentId=090331132848-831c53c00d6e45ef9a48eb7d49b23470\" \/><embed style=\"width: 550px; height: 367px;\" width=\"320\" height=\"240\" type=\"application\/x-shockwave-flash\" src=\"http:\/\/static.issuu.com\/webembed\/viewers\/style1\/v2\/IssuuReader.swf\" allowfullscreen=\"true\" menu=\"false\" wmode=\"transparent\" flashvars=\"mode=mini&amp;embedBackground=%23ffffff&amp;shareMenuEnabled=false&amp;printButtonEnabled=false&amp;backgroundColor=%23222222&amp;documentId=090331132848-831c53c00d6e45ef9a48eb7d49b23470\" \/><\/object><\/p>\n","protected":false},"excerpt":{"rendered":"<p>A Revista Avisa l\u00e1 \u00e9 uma publica\u00e7\u00e3o trimestral editada pelo Instituto Avisa L\u00e1. Sua meta \u00e9 contribuir para a forma\u00e7\u00e3o de professores de Educa\u00e7\u00e3o Infantil e s\u00e9ries iniciais do Ensino Fundamental. \u00c9 totalmente voltada para o desenvolvimento profissional permanente e d\u00e1 voz aos principais atores da escola: crian\u00e7as, educadores e seus formadores. Os artigos escolhidos [&hellip;]<\/p>\n","protected":false},"author":1,"featured_media":0,"parent":2916,"menu_order":0,"comment_status":"open","ping_status":"open","template":"","meta":{"footnotes":""},"class_list":["post-1353","page","type-page","status-publish","hentry","post"],"_links":{"self":[{"href":"https:\/\/avisala.org.br\/index.php\/wp-json\/wp\/v2\/pages\/1353","targetHints":{"allow":["GET"]}}],"collection":[{"href":"https:\/\/avisala.org.br\/index.php\/wp-json\/wp\/v2\/pages"}],"about":[{"href":"https:\/\/avisala.org.br\/index.php\/wp-json\/wp\/v2\/types\/page"}],"author":[{"embeddable":true,"href":"https:\/\/avisala.org.br\/index.php\/wp-json\/wp\/v2\/users\/1"}],"replies":[{"embeddable":true,"href":"https:\/\/avisala.org.br\/index.php\/wp-json\/wp\/v2\/comments?post=1353"}],"version-history":[{"count":1,"href":"https:\/\/avisala.org.br\/index.php\/wp-json\/wp\/v2\/pages\/1353\/revisions"}],"predecessor-version":[{"id":16104,"href":"https:\/\/avisala.org.br\/index.php\/wp-json\/wp\/v2\/pages\/1353\/revisions\/16104"}],"up":[{"embeddable":true,"href":"https:\/\/avisala.org.br\/index.php\/wp-json\/wp\/v2\/pages\/2916"}],"wp:attachment":[{"href":"https:\/\/avisala.org.br\/index.php\/wp-json\/wp\/v2\/media?parent=1353"}],"curies":[{"name":"wp","href":"https:\/\/api.w.org\/{rel}","templated":true}]}}