{"id":10375,"date":"2019-10-19T11:36:40","date_gmt":"2019-10-19T14:36:40","guid":{"rendered":"https:\/\/avisala.org.br\/?page_id=10375"},"modified":"2023-11-10T09:13:53","modified_gmt":"2023-11-10T12:13:53","slug":"serie-da-para-fazer-melhor-alfabetizacao-inicial-1a-temporada-todos-os-videos","status":"publish","type":"page","link":"https:\/\/avisala.org.br\/index.php\/serie-da-para-fazer-melhor-alfabetizacao-inicial-1a-temporada-todos-os-videos\/","title":{"rendered":"S\u00e9rie D\u00e1 Para Fazer Melhor &#8211; Alfabetiza\u00e7\u00e3o Inicial &#8211; 1\u00aa Temporada &#8211; Todos os V\u00eddeos"},"content":{"rendered":"<p>Para navegar pelos outros v\u00eddeos da playlist, clique no canto superior direito do v\u00eddeo.<\/p>\n<p style=\"text-align: center;\">\n<p style=\"text-align: center;\">S\u00e9rie D\u00e1 para Fazer Melhor&#8221;, 1\u00aa Temporada: &#8220;Alfabetiza\u00e7\u00e3o Inicial&#8221;, com a professora Cristiane Mendes do <a href=\"https:\/\/prosabersp.org.br\/\">Instituto Pr\u00f3-Saber SP<\/a>.<\/p>\n","protected":false},"excerpt":{"rendered":"<p>Para navegar pelos outros v\u00eddeos da playlist, clique no canto superior direito do v\u00eddeo. S\u00e9rie D\u00e1 para Fazer Melhor&#8221;, 1\u00aa Temporada: &#8220;Alfabetiza\u00e7\u00e3o Inicial&#8221;, com a professora Cristiane Mendes do Instituto Pr\u00f3-Saber SP.<\/p>\n","protected":false},"author":1,"featured_media":0,"parent":0,"menu_order":0,"comment_status":"closed","ping_status":"closed","template":"","meta":{"footnotes":""},"class_list":["post-10375","page","type-page","status-publish","hentry","post"],"_links":{"self":[{"href":"https:\/\/avisala.org.br\/index.php\/wp-json\/wp\/v2\/pages\/10375","targetHints":{"allow":["GET"]}}],"collection":[{"href":"https:\/\/avisala.org.br\/index.php\/wp-json\/wp\/v2\/pages"}],"about":[{"href":"https:\/\/avisala.org.br\/index.php\/wp-json\/wp\/v2\/types\/page"}],"author":[{"embeddable":true,"href":"https:\/\/avisala.org.br\/index.php\/wp-json\/wp\/v2\/users\/1"}],"replies":[{"embeddable":true,"href":"https:\/\/avisala.org.br\/index.php\/wp-json\/wp\/v2\/comments?post=10375"}],"version-history":[{"count":2,"href":"https:\/\/avisala.org.br\/index.php\/wp-json\/wp\/v2\/pages\/10375\/revisions"}],"predecessor-version":[{"id":16145,"href":"https:\/\/avisala.org.br\/index.php\/wp-json\/wp\/v2\/pages\/10375\/revisions\/16145"}],"wp:attachment":[{"href":"https:\/\/avisala.org.br\/index.php\/wp-json\/wp\/v2\/media?parent=10375"}],"curies":[{"name":"wp","href":"https:\/\/api.w.org\/{rel}","templated":true}]}}

Série Dá Para Fazer Melhor &#8211; Alfabetização Inicial &#8211; 1ª Temporada &#8211; Todos os Vídeos

<p>Para navegar pelos outros vídeos da playlist, clique no canto superior direito do vídeo.</p>
<p style="text-align: center;">
<p style="text-align: center;">Série Dá para Fazer Melhor&#8221;, 1ª Temporada: &#8220;Alfabetização Inicial&#8221;, com a professora Cristiane Mendes do <a href="https://prosabersp.org.br/">Instituto Pró-Saber SP</a>.</p>

<p>Para navegar pelos outros vídeos da playlist, clique no canto superior direito do vídeo. Série Dá para Fazer Melhor&#8221;, 1ª Temporada: &#8220;Alfabetização Inicial&#8221;, com a professora Cristiane Mendes do Instituto Pró-Saber SP.</p>
