{"id":3824,"date":"2013-02-08T15:22:10","date_gmt":"2013-02-08T17:22:10","guid":{"rendered":"http:\/\/avisala1.tempsite.ws\/portal\/wp-content\/uploads\/2013\/02\/avisala_35_tempo8.jpg"},"modified":"2013-02-08T15:22:10","modified_gmt":"2013-02-08T17:22:10","slug":"avisala_35_tempo8","status":"inherit","type":"attachment","link":"https:\/\/avisala.org.br\/index.php\/assunto\/tempo-didadico\/professores-criancas-e-a-cidade\/attachment\/avisala_35_tempo8\/#main","title":{"rendered":"avisala_35_tempo8"},"author":2,"featured_media":0,"comment_status":"open","ping_status":"open","template":"","meta":[],"class_list":["post-3824","attachment","type-attachment","status-inherit","hentry","post"],"description":{"rendered":"<p class=\"attachment\"><a href='https:\/\/avisala.org.br\/wp-content\/uploads\/2013\/02\/avisala_35_tempo8.jpg'><img loading=\"lazy\" decoding=\"async\" width=\"300\" height=\"35\" src=\"https:\/\/avisala.org.br\/wp-content\/uploads\/2013\/02\/avisala_35_tempo8-300x35.jpg\" class=\"attachment-medium size-medium\" alt=\"\" srcset=\"https:\/\/avisala.org.br\/wp-content\/uploads\/2013\/02\/avisala_35_tempo8-300x35.jpg 300w, https:\/\/avisala.org.br\/wp-content\/uploads\/2013\/02\/avisala_35_tempo8.jpg 761w\" sizes=\"auto, (max-width: 300px) 100vw, 300px\" \/><\/a><\/p>\n"},"caption":{"rendered":"<p>Ilustra\u00e7\u00f5es feitas pelas crian\u00e7as da Rede Municipal de Educa\u00e7\u00e3o de Recife \u2013 PE<\/p>\n"},"alt_text":"","media_type":"image","mime_type":"image\/jpeg","media_details":{"width":761,"height":89,"file":"2013\/02\/avisala_35_tempo8.jpg","sizes":{"thumbnail":{"file":"avisala_35_tempo8-150x89.jpg","width":150,"height":89,"mime_type":"image\/jpeg","source_url":"https:\/\/avisala.org.br\/wp-content\/uploads\/2013\/02\/avisala_35_tempo8-150x89.jpg"},"medium":{"file":"avisala_35_tempo8-300x35.jpg","width":300,"height":35,"mime_type":"image\/jpeg","source_url":"https:\/\/avisala.org.br\/wp-content\/uploads\/2013\/02\/avisala_35_tempo8-300x35.jpg"},"full":{"file":"avisala_35_tempo8.jpg","width":761,"height":89,"mime_type":"image\/jpeg","source_url":"https:\/\/avisala.org.br\/wp-content\/uploads\/2013\/02\/avisala_35_tempo8.jpg"}},"image_meta":{"aperture":0,"credit":"","camera":"","caption":"","created_timestamp":0,"copyright":"","focal_length":0,"iso":0,"shutter_speed":0,"title":""}},"post":3822,"source_url":"https:\/\/avisala.org.br\/wp-content\/uploads\/2013\/02\/avisala_35_tempo8.jpg","_links":{"self":[{"href":"https:\/\/avisala.org.br\/index.php\/wp-json\/wp\/v2\/media\/3824","targetHints":{"allow":["GET"]}}],"collection":[{"href":"https:\/\/avisala.org.br\/index.php\/wp-json\/wp\/v2\/media"}],"about":[{"href":"https:\/\/avisala.org.br\/index.php\/wp-json\/wp\/v2\/types\/attachment"}],"author":[{"embeddable":true,"href":"https:\/\/avisala.org.br\/index.php\/wp-json\/wp\/v2\/users\/2"}],"replies":[{"embeddable":true,"href":"https:\/\/avisala.org.br\/index.php\/wp-json\/wp\/v2\/comments?post=3824"}],"wp:attached-to":[{"embeddable":true,"post_type":"post","id":3822,"href":"https:\/\/avisala.org.br\/index.php\/wp-json\/wp\/v2\/posts\/3822"}],"curies":[{"name":"wp","href":"https:\/\/api.w.org\/{rel}","templated":true}]}}

<p>Ilustrações feitas pelas crianças da Rede Municipal de Educação de Recife – PE</p>
