{"id":3756,"date":"2013-02-07T12:07:24","date_gmt":"2013-02-07T14:07:24","guid":{"rendered":"http:\/\/avisala1.tempsite.ws\/portal\/wp-content\/uploads\/2013\/02\/jeitos.jpg"},"modified":"2013-02-07T12:07:24","modified_gmt":"2013-02-07T14:07:24","slug":"jeitos-3","status":"inherit","type":"attachment","link":"https:\/\/avisala.org.br\/index.php\/assunto\/jeitos-de-cuidar\/mobiliario-a-hora-de-compartilhar\/attachment\/jeitos-3\/#main","title":{"rendered":"jeitos"},"author":2,"featured_media":0,"comment_status":"open","ping_status":"open","template":"","meta":[],"class_list":["post-3756","attachment","type-attachment","status-inherit","hentry","post"],"description":{"rendered":"<p class=\"attachment\"><a href='https:\/\/avisala.org.br\/wp-content\/uploads\/2013\/02\/jeitos.jpg'><img loading=\"lazy\" decoding=\"async\" width=\"300\" height=\"234\" src=\"https:\/\/avisala.org.br\/wp-content\/uploads\/2013\/02\/jeitos-300x234.jpg\" class=\"attachment-medium size-medium\" alt=\"\" srcset=\"https:\/\/avisala.org.br\/wp-content\/uploads\/2013\/02\/jeitos-300x234.jpg 300w, https:\/\/avisala.org.br\/wp-content\/uploads\/2013\/02\/jeitos.jpg 446w\" sizes=\"auto, (max-width: 300px) 100vw, 300px\" \/><\/a><\/p>\n"},"caption":{"rendered":"<p>O mobili\u00e1rio do refeit\u00f3rio era incompat\u00edvel com o bem estar das crian\u00e7as<\/p>\n"},"alt_text":"","media_type":"image","mime_type":"image\/jpeg","media_details":{"width":446,"height":349,"file":"2013\/02\/jeitos.jpg","sizes":{"thumbnail":{"file":"jeitos-150x150.jpg","width":150,"height":150,"mime_type":"image\/jpeg","source_url":"https:\/\/avisala.org.br\/wp-content\/uploads\/2013\/02\/jeitos-150x150.jpg"},"medium":{"file":"jeitos-300x234.jpg","width":300,"height":234,"mime_type":"image\/jpeg","source_url":"https:\/\/avisala.org.br\/wp-content\/uploads\/2013\/02\/jeitos-300x234.jpg"},"full":{"file":"jeitos.jpg","width":446,"height":349,"mime_type":"image\/jpeg","source_url":"https:\/\/avisala.org.br\/wp-content\/uploads\/2013\/02\/jeitos.jpg"}},"image_meta":{"aperture":0,"credit":"","camera":"","caption":"","created_timestamp":0,"copyright":"","focal_length":0,"iso":0,"shutter_speed":0,"title":""}},"post":3753,"source_url":"https:\/\/avisala.org.br\/wp-content\/uploads\/2013\/02\/jeitos.jpg","_links":{"self":[{"href":"https:\/\/avisala.org.br\/index.php\/wp-json\/wp\/v2\/media\/3756","targetHints":{"allow":["GET"]}}],"collection":[{"href":"https:\/\/avisala.org.br\/index.php\/wp-json\/wp\/v2\/media"}],"about":[{"href":"https:\/\/avisala.org.br\/index.php\/wp-json\/wp\/v2\/types\/attachment"}],"author":[{"embeddable":true,"href":"https:\/\/avisala.org.br\/index.php\/wp-json\/wp\/v2\/users\/2"}],"replies":[{"embeddable":true,"href":"https:\/\/avisala.org.br\/index.php\/wp-json\/wp\/v2\/comments?post=3756"}],"wp:attached-to":[{"embeddable":true,"post_type":"post","id":3753,"href":"https:\/\/avisala.org.br\/index.php\/wp-json\/wp\/v2\/posts\/3753"}],"curies":[{"name":"wp","href":"https:\/\/api.w.org\/{rel}","templated":true}]}}

<p>O mobiliário do refeitório era incompatível com o bem estar das crianças</p>
