{"id":3424,"date":"2013-01-25T22:18:13","date_gmt":"2013-01-26T00:18:13","guid":{"rendered":"http:\/\/avisala1.tempsite.ws\/portal\/wp-content\/uploads\/2013\/01\/avisala_27_mirta3b.jpg"},"modified":"2013-01-25T22:18:13","modified_gmt":"2013-01-26T00:18:13","slug":"avisala_27_mirta3b","status":"inherit","type":"attachment","link":"https:\/\/avisala.org.br\/index.php\/assunto\/alfabetizacao\/pesquisa-didatica-e-apoio-para-a-sala-de-aula\/attachment\/avisala_27_mirta3b\/#main","title":{"rendered":"avisala_27_mirta3b"},"author":2,"featured_media":0,"comment_status":"open","ping_status":"open","template":"","meta":[],"class_list":["post-3424","attachment","type-attachment","status-inherit","hentry","post"],"description":{"rendered":"<p class=\"attachment\"><a href='https:\/\/avisala.org.br\/wp-content\/uploads\/2013\/01\/avisala_27_mirta3b.jpg'><img loading=\"lazy\" decoding=\"async\" width=\"300\" height=\"205\" src=\"https:\/\/avisala.org.br\/wp-content\/uploads\/2013\/01\/avisala_27_mirta3b-300x205.jpg\" class=\"attachment-medium size-medium\" alt=\"\" srcset=\"https:\/\/avisala.org.br\/wp-content\/uploads\/2013\/01\/avisala_27_mirta3b-300x205.jpg 300w, https:\/\/avisala.org.br\/wp-content\/uploads\/2013\/01\/avisala_27_mirta3b.jpg 385w\" sizes=\"auto, (max-width: 300px) 100vw, 300px\" \/><\/a><\/p>\n"},"caption":{"rendered":"<p>Formadoras do Instituto Avisa L\u00e1 refletem sobre pr\u00e1ticas para incentivar a leitura pelas crian\u00e7as<\/p>\n"},"alt_text":"","media_type":"image","mime_type":"image\/jpeg","media_details":{"width":385,"height":264,"file":"2013\/01\/avisala_27_mirta3b.jpg","sizes":{"thumbnail":{"file":"avisala_27_mirta3b-150x150.jpg","width":150,"height":150,"mime_type":"image\/jpeg","source_url":"https:\/\/avisala.org.br\/wp-content\/uploads\/2013\/01\/avisala_27_mirta3b-150x150.jpg"},"medium":{"file":"avisala_27_mirta3b-300x205.jpg","width":300,"height":205,"mime_type":"image\/jpeg","source_url":"https:\/\/avisala.org.br\/wp-content\/uploads\/2013\/01\/avisala_27_mirta3b-300x205.jpg"},"full":{"file":"avisala_27_mirta3b.jpg","width":385,"height":264,"mime_type":"image\/jpeg","source_url":"https:\/\/avisala.org.br\/wp-content\/uploads\/2013\/01\/avisala_27_mirta3b.jpg"}},"image_meta":{"aperture":0,"credit":"","camera":"","caption":"","created_timestamp":0,"copyright":"","focal_length":0,"iso":0,"shutter_speed":0,"title":""}},"post":3420,"source_url":"https:\/\/avisala.org.br\/wp-content\/uploads\/2013\/01\/avisala_27_mirta3b.jpg","_links":{"self":[{"href":"https:\/\/avisala.org.br\/index.php\/wp-json\/wp\/v2\/media\/3424","targetHints":{"allow":["GET"]}}],"collection":[{"href":"https:\/\/avisala.org.br\/index.php\/wp-json\/wp\/v2\/media"}],"about":[{"href":"https:\/\/avisala.org.br\/index.php\/wp-json\/wp\/v2\/types\/attachment"}],"author":[{"embeddable":true,"href":"https:\/\/avisala.org.br\/index.php\/wp-json\/wp\/v2\/users\/2"}],"replies":[{"embeddable":true,"href":"https:\/\/avisala.org.br\/index.php\/wp-json\/wp\/v2\/comments?post=3424"}],"wp:attached-to":[{"embeddable":true,"post_type":"post","id":3420,"href":"https:\/\/avisala.org.br\/index.php\/wp-json\/wp\/v2\/posts\/3420"}],"curies":[{"name":"wp","href":"https:\/\/api.w.org\/{rel}","templated":true}]}}

<p>Formadoras do Instituto Avisa Lá refletem sobre práticas para incentivar a leitura pelas crianças</p>
