{"id":1979,"date":"2012-11-14T15:18:25","date_gmt":"2012-11-14T17:18:25","guid":{"rendered":"http:\/\/avisala1.tempsite.ws\/portal\/wp-content\/uploads\/2012\/11\/avisala_14_conhecendo2.jpg"},"modified":"2012-11-14T15:18:25","modified_gmt":"2012-11-14T17:18:25","slug":"avisala_14_conhecendo2","status":"inherit","type":"attachment","link":"https:\/\/avisala.org.br\/index.php\/assunto\/conhecendo-a-crianca\/na-era-do-computador\/attachment\/avisala_14_conhecendo2\/#main","title":{"rendered":"avisala_14_conhecendo2"},"author":2,"featured_media":0,"comment_status":"open","ping_status":"open","template":"","meta":[],"class_list":["post-1979","attachment","type-attachment","status-inherit","hentry","post"],"description":{"rendered":"<p class=\"attachment\"><a href='https:\/\/avisala.org.br\/wp-content\/uploads\/2012\/11\/avisala_14_conhecendo2.jpg'><img loading=\"lazy\" decoding=\"async\" width=\"300\" height=\"202\" src=\"https:\/\/avisala.org.br\/wp-content\/uploads\/2012\/11\/avisala_14_conhecendo2-300x202.jpg\" class=\"attachment-medium size-medium\" alt=\"\" srcset=\"https:\/\/avisala.org.br\/wp-content\/uploads\/2012\/11\/avisala_14_conhecendo2-300x202.jpg 300w, https:\/\/avisala.org.br\/wp-content\/uploads\/2012\/11\/avisala_14_conhecendo2.jpg 472w\" sizes=\"auto, (max-width: 300px) 100vw, 300px\" \/><\/a><\/p>\n"},"caption":{"rendered":"<p>Aten\u00e7\u00e3o total das crian\u00e7as da Creche Menino Jesus, Osasco\/SP<\/p>\n"},"alt_text":"","media_type":"image","mime_type":"image\/jpeg","media_details":{"width":"472","height":"318","hwstring_small":"height='86' width='128'","file":"2012\/11\/avisala_14_conhecendo2.jpg","sizes":{"thumbnail":{"file":"avisala_14_conhecendo2-150x150.jpg","width":"150","height":"150","source_url":"https:\/\/avisala.org.br\/wp-content\/uploads\/2012\/11\/avisala_14_conhecendo2-150x150.jpg"},"medium":{"file":"avisala_14_conhecendo2-300x202.jpg","width":"300","height":"202","source_url":"https:\/\/avisala.org.br\/wp-content\/uploads\/2012\/11\/avisala_14_conhecendo2-300x202.jpg"},"full":{"file":"avisala_14_conhecendo2.jpg","width":472,"height":318,"mime_type":"image\/jpeg","source_url":"https:\/\/avisala.org.br\/wp-content\/uploads\/2012\/11\/avisala_14_conhecendo2.jpg"}},"image_meta":{"aperture":"0","credit":"","camera":"","caption":"","created_timestamp":"0","copyright":"","focal_length":"0","iso":"0","shutter_speed":"0","title":""}},"post":1973,"source_url":"https:\/\/avisala.org.br\/wp-content\/uploads\/2012\/11\/avisala_14_conhecendo2.jpg","_links":{"self":[{"href":"https:\/\/avisala.org.br\/index.php\/wp-json\/wp\/v2\/media\/1979","targetHints":{"allow":["GET"]}}],"collection":[{"href":"https:\/\/avisala.org.br\/index.php\/wp-json\/wp\/v2\/media"}],"about":[{"href":"https:\/\/avisala.org.br\/index.php\/wp-json\/wp\/v2\/types\/attachment"}],"author":[{"embeddable":true,"href":"https:\/\/avisala.org.br\/index.php\/wp-json\/wp\/v2\/users\/2"}],"replies":[{"embeddable":true,"href":"https:\/\/avisala.org.br\/index.php\/wp-json\/wp\/v2\/comments?post=1979"}],"wp:attached-to":[{"embeddable":true,"post_type":"post","id":1973,"href":"https:\/\/avisala.org.br\/index.php\/wp-json\/wp\/v2\/posts\/1973"}],"curies":[{"name":"wp","href":"https:\/\/api.w.org\/{rel}","templated":true}]}}

<p>Atenção total das crianças da Creche Menino Jesus, Osasco/SP</p>
